[INFO] cloning repository https://github.com/djherbis/rust-stream
[INFO] running `Command { std: "git" "-c" "credential.helper=" "-c" "credential.helper=/workspace/cargo-home/bin/git-credential-null" "clone" "--bare" "https://github.com/djherbis/rust-stream" "/workspace/cache/git-repos/https%3A%2F%2Fgithub.com%2Fdjherbis%2Frust-stream", kill_on_drop: false }`
[INFO] [stderr] Cloning into bare repository '/workspace/cache/git-repos/https%3A%2F%2Fgithub.com%2Fdjherbis%2Frust-stream'...
[INFO] running `Command { std: "git" "rev-parse" "HEAD", kill_on_drop: false }`
[INFO] [stdout] 4eae0171bede89eeaff34d0bacedeefc22228bd8
[INFO] checking djherbis/rust-stream against try#72f88fc4e9458f89516a0b8b0868f3718aec5b47 for pr-74989
[INFO] running `Command { std: "git" "clone" "/workspace/cache/git-repos/https%3A%2F%2Fgithub.com%2Fdjherbis%2Frust-stream" "/workspace/builds/worker-5/source", kill_on_drop: false }`
[INFO] [stderr] Cloning into '/workspace/builds/worker-5/source'...
[INFO] [stderr] done.
[INFO] validating manifest of git repo https://github.com/djherbis/rust-stream on toolchain 72f88fc4e9458f89516a0b8b0868f3718aec5b47
[INFO] running `Command { std: "/workspace/cargo-home/bin/cargo" "+72f88fc4e9458f89516a0b8b0868f3718aec5b47" "read-manifest" "--manifest-path" "Cargo.toml", kill_on_drop: false }`
[INFO] started tweaking git repo https://github.com/djherbis/rust-stream
[INFO] finished tweaking git repo https://github.com/djherbis/rust-stream
[INFO] tweaked toml for git repo https://github.com/djherbis/rust-stream written to /workspace/builds/worker-5/source/Cargo.toml
[INFO] crate git repo https://github.com/djherbis/rust-stream already has a lockfile, it will not be regenerated
[INFO] running `Command { std: "/workspace/cargo-home/bin/cargo" "+72f88fc4e9458f89516a0b8b0868f3718aec5b47" "fetch" "--locked" "--manifest-path" "Cargo.toml", kill_on_drop: false }`
[INFO] [stderr] error: the lock file /workspace/builds/worker-5/source/Cargo.lock needs to be updated but --locked was passed to prevent this
[INFO] [stderr] If you want to try to generate the lock file without accessing the network, use the --offline flag.
[INFO] the lockfile is outdated, regenerating it
[INFO] running `Command { std: "/workspace/cargo-home/bin/cargo" "+72f88fc4e9458f89516a0b8b0868f3718aec5b47" "generate-lockfile" "--manifest-path" "Cargo.toml" "-Zno-index-update", kill_on_drop: false }`
[INFO] running `Command { std: "/workspace/cargo-home/bin/cargo" "+72f88fc4e9458f89516a0b8b0868f3718aec5b47" "fetch" "--locked" "--manifest-path" "Cargo.toml", kill_on_drop: false }`
[INFO] running `Command { std: "docker" "create" "-v" "/var/lib/crater-agent-workspace/builds/worker-5/target:/opt/rustwide/target:rw,Z" "-v" "/var/lib/crater-agent-workspace/builds/worker-5/source:/opt/rustwide/workdir:ro,Z" "-v" "/var/lib/crater-agent-workspace/cargo-home:/opt/rustwide/cargo-home:ro,Z" "-v" "/var/lib/crater-agent-workspace/rustup-home:/opt/rustwide/rustup-home:ro,Z" "-e" "SOURCE_DIR=/opt/rustwide/workdir" "-e" "CARGO_TARGET_DIR=/opt/rustwide/target" "-e" "CARGO_HOME=/opt/rustwide/cargo-home" "-e" "RUSTUP_HOME=/opt/rustwide/rustup-home" "-w" "/opt/rustwide/workdir" "-m" "1610612736" "--user" "0:0" "--network" "none" "rustops/crates-build-env@sha256:d92eaeed33fa75130ca1ee6c8a01d1ffb62bac859dfdfb3450e3e5d1c0146529" "/opt/rustwide/cargo-home/bin/cargo" "+72f88fc4e9458f89516a0b8b0868f3718aec5b47" "metadata" "--no-deps" "--format-version=1", kill_on_drop: false }`
[INFO] [stderr] WARNING: Your kernel does not support swap limit capabilities or the cgroup is not mounted. Memory limited without swap.
[INFO] [stdout] 177b67a07fe292871838a2d91d77dfeec6cc63c84e96229e98e8b25c96795413
[INFO] running `Command { std: "docker" "start" "-a" "177b67a07fe292871838a2d91d77dfeec6cc63c84e96229e98e8b25c96795413", kill_on_drop: false }`
[INFO] running `Command { std: "docker" "inspect" "177b67a07fe292871838a2d91d77dfeec6cc63c84e96229e98e8b25c96795413", kill_on_drop: false }`
[INFO] running `Command { std: "docker" "rm" "-f" "177b67a07fe292871838a2d91d77dfeec6cc63c84e96229e98e8b25c96795413", kill_on_drop: false }`
[INFO] [stdout] 177b67a07fe292871838a2d91d77dfeec6cc63c84e96229e98e8b25c96795413
[INFO] running `Command { std: "docker" "create" "-v" "/var/lib/crater-agent-workspace/builds/worker-5/target:/opt/rustwide/target:rw,Z" "-v" "/var/lib/crater-agent-workspace/builds/worker-5/source:/opt/rustwide/workdir:ro,Z" "-v" "/var/lib/crater-agent-workspace/cargo-home:/opt/rustwide/cargo-home:ro,Z" "-v" "/var/lib/crater-agent-workspace/rustup-home:/opt/rustwide/rustup-home:ro,Z" "-e" "SOURCE_DIR=/opt/rustwide/workdir" "-e" "CARGO_TARGET_DIR=/opt/rustwide/target" "-e" "CARGO_INCREMENTAL=0" "-e" "RUST_BACKTRACE=full" "-e" "RUSTFLAGS=--cap-lints=forbid" "-e" "CARGO_HOME=/opt/rustwide/cargo-home" "-e" "RUSTUP_HOME=/opt/rustwide/rustup-home" "-w" "/opt/rustwide/workdir" "-m" "1610612736" "--user" "0:0" "--network" "none" "rustops/crates-build-env@sha256:d92eaeed33fa75130ca1ee6c8a01d1ffb62bac859dfdfb3450e3e5d1c0146529" "/opt/rustwide/cargo-home/bin/cargo" "+72f88fc4e9458f89516a0b8b0868f3718aec5b47" "check" "--frozen" "--all" "--all-targets" "--message-format=json", kill_on_drop: false }`
[INFO] [stderr] WARNING: Your kernel does not support swap limit capabilities or the cgroup is not mounted. Memory limited without swap.
[INFO] [stdout] c0ad15176f09674d6130525e3578acea66501c3acbf54fc47fc55ca1603b68fa
[INFO] running `Command { std: "docker" "start" "-a" "c0ad15176f09674d6130525e3578acea66501c3acbf54fc47fc55ca1603b68fa", kill_on_drop: false }`
[INFO] [stderr]     Checking stream v0.1.0 (/opt/rustwide/workdir)
[INFO] [stdout] warning: use of deprecated macro `try`: use the `?` operator instead
[INFO] [stdout]   --> src/buffer.rs:31:13
[INFO] [stdout]    |
[INFO] [stdout] 31 |             try!(self.write(buf));
[INFO] [stdout]    |             ^^^
[INFO] [stdout]    |
[INFO] [stdout]    = note: `#[warn(deprecated)]` on by default
[INFO] [stdout] 
[INFO] [stdout] 
[INFO] [stdout] warning: use of deprecated macro `try`: use the `?` operator instead
[INFO] [stdout]   --> src/buffer.rs:36:9
[INFO] [stdout]    |
[INFO] [stdout] 36 |         try!(new_vec.write(data));
[INFO] [stdout]    |         ^^^
[INFO] [stdout] 
[INFO] [stdout] 
[INFO] [stdout] warning: use of deprecated macro `try`: use the `?` operator instead
[INFO] [stdout]   --> src/buffer.rs:37:9
[INFO] [stdout]    |
[INFO] [stdout] 37 |         try!(new_vec.write(buf));
[INFO] [stdout]    |         ^^^
[INFO] [stdout] 
[INFO] [stdout] 
[INFO] [stdout] warning: use of deprecated macro `try`: use the `?` operator instead
[INFO] [stdout]   --> src/buffer.rs:48:30
[INFO] [stdout]    |
[INFO] [stdout] 48 |         let amount_written = try!(writer.write(buf));
[INFO] [stdout]    |                              ^^^
[INFO] [stdout] 
[INFO] [stdout] 
[INFO] [stdout] warning: use of deprecated macro `try`: use the `?` operator instead
[INFO] [stdout]   --> src/buffer.rs:66:27
[INFO] [stdout]    |
[INFO] [stdout] 66 |         let amount_read = try!(reader.read(buf));
[INFO] [stdout]    |                           ^^^
[INFO] [stdout] 
[INFO] [stdout] 
[INFO] [stdout] warning: use of deprecated macro `try`: use the `?` operator instead
[INFO] [stdout]   --> src/buffer.rs:80:42
[INFO] [stdout]    |
[INFO] [stdout] 80 |         if let Some(new_data) = unsafe { try!(data.append(buf)) } {
[INFO] [stdout]    |                                          ^^^
[INFO] [stdout] 
[INFO] [stdout] 
[INFO] [stdout] warning: use of deprecated macro `try`: use the `?` operator instead
[INFO] [stdout]    --> src/buffer.rs:123:27
[INFO] [stdout]     |
[INFO] [stdout] 123 |         let amount_read = try!(self.data.read().unwrap().clone().read(buf, self.read_start));
[INFO] [stdout]     |                           ^^^
[INFO] [stdout] 
[INFO] [stdout] 
[INFO] [stdout] warning: use of deprecated macro `try`: use the `?` operator instead
[INFO] [stdout]   --> src/stream.rs:37:17
[INFO] [stdout]    |
[INFO] [stdout] 37 |         let n = try!(self.data.write(buf));
[INFO] [stdout]    |                 ^^^
[INFO] [stdout] 
[INFO] [stdout] 
[INFO] [stdout] warning: use of deprecated macro `try`: use the `?` operator instead
[INFO] [stdout]   --> src/stream.rs:49:17
[INFO] [stdout]    |
[INFO] [stdout] 49 |         let f = try!(File::create(path));
[INFO] [stdout]    |                 ^^^
[INFO] [stdout] 
[INFO] [stdout] 
[INFO] [stdout] warning: use of deprecated macro `try`: use the `?` operator instead
[INFO] [stdout]   --> src/stream.rs:69:17
[INFO] [stdout]    |
[INFO] [stdout] 69 |         let r = try!(self.data.reader());
[INFO] [stdout]    |                 ^^^
[INFO] [stdout] 
[INFO] [stdout] 
[INFO] [stdout] warning: use of deprecated macro `try`: use the `?` operator instead
[INFO] [stdout]   --> src/stream.rs:77:17
[INFO] [stdout]    |
[INFO] [stdout] 77 |         let r = try!(self.data.reader());
[INFO] [stdout]    |                 ^^^
[INFO] [stdout] 
[INFO] [stdout] 
[INFO] [stdout] warning: use of deprecated macro `try`: use the `?` operator instead
[INFO] [stdout]   --> src/stream.rs:93:21
[INFO] [stdout]    |
[INFO] [stdout] 93 |             let n = try!(self.data.read(buf));
[INFO] [stdout]    |                     ^^^
[INFO] [stdout] 
[INFO] [stdout] 
[INFO] [stdout] warning: use of deprecated macro `try`: use the `?` operator instead
[INFO] [stdout]   --> src/stream.rs:98:23
[INFO] [stdout]    |
[INFO] [stdout] 98 |             let pos = try!(self.data.seek(SeekFrom::Current(0)));
[INFO] [stdout]    |                       ^^^
[INFO] [stdout] 
[INFO] [stdout] 
[INFO] [stdout] warning: use of deprecated macro `try`: use the `?` operator instead
[INFO] [stdout]    --> src/stream.rs:115:21
[INFO] [stdout]     |
[INFO] [stdout] 115 |             let n = try!(self.data.read(buf));
[INFO] [stdout]     |                     ^^^
[INFO] [stdout] 
[INFO] [stdout] 
[INFO] [stdout] warning: use of deprecated macro `try`: use the `?` operator instead
[INFO] [stdout]    --> src/stream.rs:120:23
[INFO] [stdout]     |
[INFO] [stdout] 120 |             let pos = try!(self.data.seek(SeekFrom::Current(0)));
[INFO] [stdout]     |                       ^^^
[INFO] [stdout] 
[INFO] [stdout] 
[INFO] [stdout] warning: unused `#[macro_use]` import
[INFO] [stdout]  --> src/lib.rs:7:1
[INFO] [stdout]   |
[INFO] [stdout] 7 | #[macro_use]
[INFO] [stdout]   | ^^^^^^^^^^^^
[INFO] [stdout]   |
[INFO] [stdout]   = note: `#[warn(unused_imports)]` on by default
[INFO] [stdout] 
[INFO] [stdout] 
[INFO] [stdout] error[E0658]: use of unstable library feature 'raw_vec_internals': implementation detail
[INFO] [stdout]  --> src/buffer.rs:3:5
[INFO] [stdout]   |
[INFO] [stdout] 3 | use self::alloc::raw_vec::RawVec;
[INFO] [stdout]   |     ^^^^^^^^^^^^^^^^^^^^^^^^^^^^
[INFO] [stdout]   |
[INFO] [stdout]   = help: add `#![feature(raw_vec_internals)]` to the crate attributes to enable
[INFO] [stdout] 
[INFO] [stdout] 
[INFO] [stdout] error[E0658]: use of unstable library feature 'raw_vec_internals': implementation detail
[INFO] [stdout]   --> src/buffer.rs:13:11
[INFO] [stdout]    |
[INFO] [stdout] 13 |     data: RawVec<u8>,
[INFO] [stdout]    |           ^^^^^^^^^^
[INFO] [stdout]    |
[INFO] [stdout]    = help: add `#![feature(raw_vec_internals)]` to the crate attributes to enable
[INFO] [stdout] 
[INFO] [stdout] 
[INFO] [stdout] error[E0658]: use of unstable library feature 'raw_vec_internals': implementation detail
[INFO] [stdout]   --> src/buffer.rs:20:19
[INFO] [stdout]    |
[INFO] [stdout] 20 |             data: RawVec::with_capacity(cap),
[INFO] [stdout]    |                   ^^^^^^^^^^^^^^^^^^^^^
[INFO] [stdout]    |
[INFO] [stdout]    = help: add `#![feature(raw_vec_internals)]` to the crate attributes to enable
[INFO] [stdout] 
[INFO] [stdout] 
[INFO] [stdout] warning: use of deprecated macro `try`: use the `?` operator instead
[INFO] [stdout]   --> src/buffer.rs:31:13
[INFO] [stdout]    |
[INFO] [stdout] 31 |             try!(self.write(buf));
[INFO] [stdout]    |             ^^^
[INFO] [stdout]    |
[INFO] [stdout]    = note: `#[warn(deprecated)]` on by default
[INFO] [stdout] 
[INFO] [stdout] 
[INFO] [stdout] warning: use of deprecated macro `try`: use the `?` operator instead
[INFO] [stdout]   --> src/buffer.rs:36:9
[INFO] [stdout]    |
[INFO] [stdout] 36 |         try!(new_vec.write(data));
[INFO] [stdout]    |         ^^^
[INFO] [stdout] 
[INFO] [stdout] 
[INFO] [stdout] warning: use of deprecated macro `try`: use the `?` operator instead
[INFO] [stdout]   --> src/buffer.rs:37:9
[INFO] [stdout]    |
[INFO] [stdout] 37 |         try!(new_vec.write(buf));
[INFO] [stdout]    |         ^^^
[INFO] [stdout] 
[INFO] [stdout] 
[INFO] [stdout] warning: use of deprecated macro `try`: use the `?` operator instead
[INFO] [stdout]   --> src/buffer.rs:48:30
[INFO] [stdout]    |
[INFO] [stdout] 48 |         let amount_written = try!(writer.write(buf));
[INFO] [stdout]    |                              ^^^
[INFO] [stdout] 
[INFO] [stdout] 
[INFO] [stdout] warning: use of deprecated macro `try`: use the `?` operator instead
[INFO] [stdout]   --> src/buffer.rs:66:27
[INFO] [stdout]    |
[INFO] [stdout] 66 |         let amount_read = try!(reader.read(buf));
[INFO] [stdout]    |                           ^^^
[INFO] [stdout] 
[INFO] [stdout] 
[INFO] [stdout] warning: use of deprecated macro `try`: use the `?` operator instead
[INFO] [stdout]   --> src/buffer.rs:80:42
[INFO] [stdout]    |
[INFO] [stdout] 80 |         if let Some(new_data) = unsafe { try!(data.append(buf)) } {
[INFO] [stdout]    |                                          ^^^
[INFO] [stdout] 
[INFO] [stdout] 
[INFO] [stdout] warning: use of deprecated macro `try`: use the `?` operator instead
[INFO] [stdout]    --> src/buffer.rs:123:27
[INFO] [stdout]     |
[INFO] [stdout] 123 |         let amount_read = try!(self.data.read().unwrap().clone().read(buf, self.read_start));
[INFO] [stdout]     |                           ^^^
[INFO] [stdout] 
[INFO] [stdout] 
[INFO] [stdout] warning: use of deprecated macro `try`: use the `?` operator instead
[INFO] [stdout]   --> src/stream.rs:37:17
[INFO] [stdout]    |
[INFO] [stdout] 37 |         let n = try!(self.data.write(buf));
[INFO] [stdout]    |                 ^^^
[INFO] [stdout] 
[INFO] [stdout] 
[INFO] [stdout] warning: use of deprecated macro `try`: use the `?` operator instead
[INFO] [stdout]   --> src/stream.rs:49:17
[INFO] [stdout]    |
[INFO] [stdout] 49 |         let f = try!(File::create(path));
[INFO] [stdout]    |                 ^^^
[INFO] [stdout] 
[INFO] [stdout] 
[INFO] [stdout] warning: use of deprecated macro `try`: use the `?` operator instead
[INFO] [stdout]   --> src/stream.rs:69:17
[INFO] [stdout]    |
[INFO] [stdout] 69 |         let r = try!(self.data.reader());
[INFO] [stdout]    |                 ^^^
[INFO] [stdout] 
[INFO] [stdout] 
[INFO] [stdout] warning: use of deprecated macro `try`: use the `?` operator instead
[INFO] [stdout]   --> src/stream.rs:77:17
[INFO] [stdout]    |
[INFO] [stdout] 77 |         let r = try!(self.data.reader());
[INFO] [stdout]    |                 ^^^
[INFO] [stdout] 
[INFO] [stdout] 
[INFO] [stdout] warning: use of deprecated macro `try`: use the `?` operator instead
[INFO] [stdout]   --> src/stream.rs:93:21
[INFO] [stdout]    |
[INFO] [stdout] 93 |             let n = try!(self.data.read(buf));
[INFO] [stdout]    |                     ^^^
[INFO] [stdout] 
[INFO] [stdout] 
[INFO] [stdout] warning: use of deprecated macro `try`: use the `?` operator instead
[INFO] [stdout]   --> src/stream.rs:98:23
[INFO] [stdout]    |
[INFO] [stdout] 98 |             let pos = try!(self.data.seek(SeekFrom::Current(0)));
[INFO] [stdout]    |                       ^^^
[INFO] [stdout] 
[INFO] [stdout] 
[INFO] [stdout] warning: use of deprecated macro `try`: use the `?` operator instead
[INFO] [stdout]    --> src/stream.rs:115:21
[INFO] [stdout]     |
[INFO] [stdout] 115 |             let n = try!(self.data.read(buf));
[INFO] [stdout]     |                     ^^^
[INFO] [stdout] 
[INFO] [stdout] 
[INFO] [stdout] warning: use of deprecated macro `try`: use the `?` operator instead
[INFO] [stdout]    --> src/stream.rs:120:23
[INFO] [stdout]     |
[INFO] [stdout] 120 |             let pos = try!(self.data.seek(SeekFrom::Current(0)));
[INFO] [stdout]     |                       ^^^
[INFO] [stdout] 
[INFO] [stdout] 
[INFO] [stdout] warning: unused import: `std::env`
[INFO] [stdout]    --> src/stream.rs:141:9
[INFO] [stdout]     |
[INFO] [stdout] 141 |     use std::env;
[INFO] [stdout]     |         ^^^^^^^^
[INFO] [stdout]     |
[INFO] [stdout]     = note: `#[warn(unused_imports)]` on by default
[INFO] [stdout] 
[INFO] [stdout] 
[INFO] [stdout] error[E0658]: use of unstable library feature 'raw_vec_internals': implementation detail
[INFO] [stdout]  --> src/buffer.rs:3:5
[INFO] [stdout]   |
[INFO] [stdout] 3 | use self::alloc::raw_vec::RawVec;
[INFO] [stdout]   |     ^^^^^^^^^^^^^^^^^^^^^^^^^^^^
[INFO] [stdout]   |
[INFO] [stdout]   = help: add `#![feature(raw_vec_internals)]` to the crate attributes to enable
[INFO] [stdout] 
[INFO] [stdout] 
[INFO] [stdout] error[E0658]: use of unstable library feature 'raw_vec_internals': implementation detail
[INFO] [stdout]   --> src/buffer.rs:13:11
[INFO] [stdout]    |
[INFO] [stdout] 13 |     data: RawVec<u8>,
[INFO] [stdout]    |           ^^^^^^^^^^
[INFO] [stdout]    |
[INFO] [stdout]    = help: add `#![feature(raw_vec_internals)]` to the crate attributes to enable
[INFO] [stdout] 
[INFO] [stdout] 
[INFO] [stdout] error[E0658]: use of unstable library feature 'raw_vec_internals': implementation detail
[INFO] [stdout]   --> src/buffer.rs:20:19
[INFO] [stdout]    |
[INFO] [stdout] 20 |             data: RawVec::with_capacity(cap),
[INFO] [stdout]    |                   ^^^^^^^^^^^^^^^^^^^^^
[INFO] [stdout]    |
[INFO] [stdout]    = help: add `#![feature(raw_vec_internals)]` to the crate attributes to enable
[INFO] [stdout] 
[INFO] [stdout] 
[INFO] [stdout] warning: use of deprecated constant `std::sync::ONCE_INIT`: the `new` function is now preferred
[INFO] [stdout]    --> src/stream.rs:195:5
[INFO] [stdout]     |
[INFO] [stdout] 195 | /     lazy_static! {
[INFO] [stdout] 196 | |         static ref TEMPFILE: PathBuf = {
[INFO] [stdout] 197 | |             let mut dir = PathBuf::new();
[INFO] [stdout] 198 | |             dir.push("foo.txt");
[INFO] [stdout] ...   |
[INFO] [stdout] 201 | |         };
[INFO] [stdout] 202 | |     }
[INFO] [stdout]     | |_____^
[INFO] [stdout]     |
[INFO] [stdout]     = note: this warning originates in a macro (in Nightly builds, run with -Z macro-backtrace for more info)
[INFO] [stdout] 
[INFO] [stdout] 
[INFO] [stdout] error[E0599]: no method named `cap` found for struct `RawVec<u8>` in the current scope
[INFO] [stdout]   --> src/buffer.rs:30:22
[INFO] [stdout]    |
[INFO] [stdout] 30 |         if self.data.cap() - self.len() >= buf.len() {
[INFO] [stdout]    |                      ^^^ private field, not a method
[INFO] [stdout] 
[INFO] [stdout] 
[INFO] [stdout] error[E0658]: use of unstable library feature 'raw_vec_internals': implementation detail
[INFO] [stdout]   --> src/buffer.rs:35:52
[INFO] [stdout]    |
[INFO] [stdout] 35 |         let data = slice::from_raw_parts(self.data.ptr(), self.len());
[INFO] [stdout]    |                                                    ^^^
[INFO] [stdout]    |
[INFO] [stdout]    = help: add `#![feature(raw_vec_internals)]` to the crate attributes to enable
[INFO] [stdout] 
[INFO] [stdout] 
[INFO] [stdout] error[E0658]: use of unstable library feature 'raw_vec_internals': implementation detail
[INFO] [stdout]   --> src/buffer.rs:45:37
[INFO] [stdout]    |
[INFO] [stdout] 45 |         let write_start = self.data.ptr().offset(len as isize);
[INFO] [stdout]    |                                     ^^^
[INFO] [stdout]    |
[INFO] [stdout]    = help: add `#![feature(raw_vec_internals)]` to the crate attributes to enable
[INFO] [stdout] 
[INFO] [stdout] 
[INFO] [stdout] error[E0599]: no method named `cap` found for struct `RawVec<u8>` in the current scope
[INFO] [stdout]   --> src/buffer.rs:46:35
[INFO] [stdout]    |
[INFO] [stdout] 46 |         let remaining = self.data.cap() - len;
[INFO] [stdout]    |                                   ^^^ private field, not a method
[INFO] [stdout] 
[INFO] [stdout] 
[INFO] [stdout] error[E0658]: use of unstable library feature 'raw_vec_internals': implementation detail
[INFO] [stdout]   --> src/buffer.rs:62:40
[INFO] [stdout]    |
[INFO] [stdout] 62 |             let read_start = self.data.ptr().offset(from as isize);
[INFO] [stdout]    |                                        ^^^
[INFO] [stdout]    |
[INFO] [stdout]    = help: add `#![feature(raw_vec_internals)]` to the crate attributes to enable
[INFO] [stdout] 
[INFO] [stdout] 
[INFO] [stdout] error: aborting due to 8 previous errors; 16 warnings emitted
[INFO] [stdout] 
[INFO] [stdout] 
[INFO] [stdout] Some errors have detailed explanations: E0599, E0658.
[INFO] [stdout] 
[INFO] [stdout] For more information about an error, try `rustc --explain E0599`.
[INFO] [stdout] 
[INFO] [stdout] error[E0599]: no method named `cap` found for struct `RawVec<u8>` in the current scope
[INFO] [stdout]   --> src/buffer.rs:30:22
[INFO] [stdout]    |
[INFO] [stdout] 30 |         if self.data.cap() - self.len() >= buf.len() {
[INFO] [stdout]    |                      ^^^ private field, not a method
[INFO] [stdout] 
[INFO] [stdout] 
[INFO] [stderr] error: could not compile `stream`.
[INFO] [stderr] 
[INFO] [stderr] To learn more, run the command again with --verbose.
[INFO] [stderr] warning: build failed, waiting for other jobs to finish...
[INFO] [stdout] error[E0658]: use of unstable library feature 'raw_vec_internals': implementation detail
[INFO] [stdout]   --> src/buffer.rs:35:52
[INFO] [stdout]    |
[INFO] [stdout] 35 |         let data = slice::from_raw_parts(self.data.ptr(), self.len());
[INFO] [stdout]    |                                                    ^^^
[INFO] [stdout]    |
[INFO] [stdout]    = help: add `#![feature(raw_vec_internals)]` to the crate attributes to enable
[INFO] [stdout] 
[INFO] [stdout] 
[INFO] [stdout] error[E0658]: use of unstable library feature 'raw_vec_internals': implementation detail
[INFO] [stdout]   --> src/buffer.rs:45:37
[INFO] [stdout]    |
[INFO] [stdout] 45 |         let write_start = self.data.ptr().offset(len as isize);
[INFO] [stdout]    |                                     ^^^
[INFO] [stdout]    |
[INFO] [stdout]    = help: add `#![feature(raw_vec_internals)]` to the crate attributes to enable
[INFO] [stdout] 
[INFO] [stdout] 
[INFO] [stdout] error[E0599]: no method named `cap` found for struct `RawVec<u8>` in the current scope
[INFO] [stdout]   --> src/buffer.rs:46:35
[INFO] [stdout]    |
[INFO] [stdout] 46 |         let remaining = self.data.cap() - len;
[INFO] [stdout]    |                                   ^^^ private field, not a method
[INFO] [stdout] 
[INFO] [stdout] 
[INFO] [stdout] error[E0658]: use of unstable library feature 'raw_vec_internals': implementation detail
[INFO] [stdout]   --> src/buffer.rs:62:40
[INFO] [stdout]    |
[INFO] [stdout] 62 |             let read_start = self.data.ptr().offset(from as isize);
[INFO] [stdout]    |                                        ^^^
[INFO] [stdout]    |
[INFO] [stdout]    = help: add `#![feature(raw_vec_internals)]` to the crate attributes to enable
[INFO] [stdout] 
[INFO] [stdout] 
[INFO] [stdout] error: aborting due to 8 previous errors; 17 warnings emitted
[INFO] [stdout] 
[INFO] [stdout] 
[INFO] [stdout] Some errors have detailed explanations: E0599, E0658.
[INFO] [stdout] 
[INFO] [stdout] For more information about an error, try `rustc --explain E0599`.
[INFO] [stdout] 
[INFO] [stderr] error: build failed
[INFO] running `Command { std: "docker" "inspect" "c0ad15176f09674d6130525e3578acea66501c3acbf54fc47fc55ca1603b68fa", kill_on_drop: false }`
[INFO] running `Command { std: "docker" "rm" "-f" "c0ad15176f09674d6130525e3578acea66501c3acbf54fc47fc55ca1603b68fa", kill_on_drop: false }`
[INFO] [stdout] c0ad15176f09674d6130525e3578acea66501c3acbf54fc47fc55ca1603b68fa
